housands digit of 2878185084?
8
What is the units digit of 109112077?
7
What is the hundred thousands digit of 122513625?
5
What is the millions digit of 9661666?
9
What is the millions digit of 227745916?
7
What is the tens digit of 306999520?
2
What is the millions digit of 1491621309?
1
What is the millions digit of 3548984372?
8
What is the millions digit of 999225135?
9
What is the tens digit of 6116692429?
2
What is the millions digit of 46013241?
6
What is the millions digit of 191562470?
1
What is the billions digit of 3364103479?
3
What is the hundreds digit of 95462460?
4
What is the ten thousands digit of 152816088?
1
What is the hundred thousands digit of 160557423?
5
What is the units digit of 17075193?
3
What is the billions digit of 1017028999?
1
What is the ten millions digit of 14363358?
1
What is the hundred millions digit of 248948468?
2
What is the hundreds digit of 51250352?
3
What is the tens digit of 99305820?
2
What is the ten thousands digit of 100856540?
5
What is the hundred thousands digit of 529499513?
4
What is the hundreds digit of 4590794970?
9
What is the units digit of 3432988009?
9
What is the tens digit of 1079352096?
9
What is the hundreds digit of 477557545?
5
What is the thousands digit of 96220?
6
What is the units digit of 1384682598?
8
What is the ten thousands digit of 622959290?
5
What is the hundreds digit of 3401016919?
9
What is the hundred thousands digit of 22410567?
4
What is the ten thousands digit of 660655079?
5
What is the millions digit of 91591334?
1
What is the ten thousands digit of 69353128?
5
What is the hundreds digit of 323630818?
8
What is the millions digit of 47386211?
7
What is the thousands digit of 2317471760?
1
What is the ten thousands digit of 7513897?
1
What is the units digit of 48119093?
3
What is the hundred thousands digit of 54974515?
9
What is the billions digit of 1961826187?
1
What is the ten thousands digit of 1537715639?
1
What is the thousands digit of 3173153271?
3
What is the thousands digit of 6619477?
9
What is the hundred millions digit of 180224077?
1
What is the thousands digit of 8381737?
1
What is the hundreds digit of 24231037?
0
What is the ten thousands digit of 6389587468?
8
What is the hundred thousands digit of 5236221?
2
What is the hundred millions digit of 5860333451?
8
What is the tens digit of 32442232?
3
What is the ten thousands digit of 455038877?
3
What is the hundreds digit of 228163885?
8
What is the ten millions digit of 1091449483?
9
What is the thousands digit of 13049976?
9
What is the tens digit of 88228809?
0
What is the hundred millions digit of 2345321879?
3
What is the thousands digit of 469466659?
6
What is the ten thousands digit of 114234285?
3
What is the millions digit of 65938185?
5
What is the hundreds digit of 2083675056?
0
What is the ten millions digit of 39725269?
3
What is the hundred millions digit of 203881579?
2
What is the tens digit of 49763299?
9
What is the hundred millions digit of 2262724481?
2
What is the ten millions digit of 790414576?
9
What is the millions digit of 322599099?
2
What is the hundreds digit of 113174565?
5
What is the ten thousands digit of 153419981?
1
What is the millions digit of 745150473?
5
What is the tens digit of 134195773?
7
What is the millions digit of 22415304?
2
What is the units digit of 10386711?
1
What is the units digit of 2082570830?
0
What is the thousands digit of 55224217?
4
What is the thousands digit of 413805661?
5
What is the hundreds digit of 421772668?
6
What is the hundreds digit of 109689670?
6
What is the hundred thousands digit of 2259973537?
9
What is the thousands digit of 155429319?
9
What is the hundred millions digit of 318103318?
3
What is the thousands digit of 434566665?
6
What is the hundred thousands digit of 675299356?
2
What is the tens digit of 287938135?
3
What is the ten millions digit of 73494582?
7
What is the hundred thousands digit of 844565379?
5
What is the hundred thousands digit of 49216346?
2
What is the units digit of 463733931?
1
What is the hundred thousands digit of 106107817?
1
What is the thousands digit of 125894736?
4
What is the hundreds digit of 626125818?
8
What is the ten thousands digit of 56952454?
5
What is the hundred thousands digit of 708981456?
9
What is the millions digit of 896805443?
6
What is the units digit of 89594501?
1
What is the ten thousands digit of 2509543?
0
What is the hundreds digit of 25755617?
6
What is the units digit of 1659436094?
4
What is the hundreds digit of 61151031?
0
What is the hundreds digit of 486237222?
2
What is the millions digit of 78112799?
8
What is the thousands digit of 170994544?
4
What is the millions digit of 812543667?
2
What is the hundred thousands digit of 3150593119?
5
What is the hundreds digit of 1862075102?
1
What is the hundred thousands digit of 54573147?
5
What is the millions digit of 205127014?
5
What is the ten millions digit of 48348026?
4
What is the millions digit of 104273857?
4
What is the hundred millions digit of 255107822?
2
What is the ten millions digit of 1298783447?
9
What is the tens digit of 109650170?
7
What is the thousands digit of 44797827?
7
What is the units digit of 366752301?
1
What is the millions digit of 50859410?
0
What is the ten thousands digit of 2455479099?
7
What is the thousands digit of 72120416?
0
What is the ten thousands digit of 340156935?
5
What is the ten thousands digit of 300146000?
4
What is the thousands digit of 471142993?
2
What is the ten thousands digit of 3535465072?
6
What is the millions digit of 23889485?
3
What is the units digit of 22238831?
1
What is the tens digit of 179035011?
1
What is the hundred millions digit of 4949605813?
9
What is the hundred thousands digit of 1136974155?
9
What is the millions digit of 336096305?
6
What is the hundreds digit of 340437312?
3
What is the hundred thousands digit of 106576584?
5
What is the thousands digit of 2078664683?
4
What is the hundred millions digit of 394206446?
3
What is the ten thousands digit of 2203896499?
9
What is the units digit of 65799002?
2
What is the millions digit of 34392619?
4
What is the units digit of 53616393?
3
What is the hundred thousands digit of 124736070?
7
What is the thousands digit of 2128361467?
1
What is the units digit of 65983869?
9
What is the units digit of 3032415248?
8
What is the tens digit of 1943240583?
8
What is the ten millions digit of 503553023?
0
What is the tens digit of 20399516?
1
What is the millions digit of 278990404?
8
What is the hundreds digit of 886803549?
5
What is the millions digit of 1157130608?
7
What is the millions digit of 384846190?
4
What is the millions digit of 44079258?
4
What is the hundred millions digit of 333916010?
3
What is the millions digit of 866945218?
6
What is the millions digit of 2347043452?
7
What is the ten thousands digit of 743390884?
9
What is the ten thousands digit of 37468695?
6
What is the hundred thousands digit of 109715106?
7
What is the tens digit of 251162956?
5
What is the hundreds digit of 839551274?
2
What is the ten millions digit of 7239478708?
3
What is the units digit of 7282453863?
3
What is the thousands digit of 329418851?
8
What is the hundred thousands digit of 29754995?
7
What is the units digit of 160497939?
9
What is the millions digit of 53769197?
3
What is the thousands digit of 4267304624?
4
What is the ten thousands digit of 29752288?
5
What is the millions digit of 97347361?
7
What is the hundred thousands digit of 210496055?
4
What is the ten millions digit of 121552739?
2
What is the thousands digit of 92424750?
4
What is the ten thousands digit of 2705507133?
0
What is the hundred thousands digit of 109450090?
4
What is the units digit of 665367176?
6
What is the hundreds digit of 704148285?
2
What is the hundred thousands digit of 17559343?
5
What is the thousands digit of 270231776?
1
What is the thousands digit of 483298610?
8
What is the tens digit of 29865568?
6
What is the hundred millions digit of 661065893?
6
What is the hundreds digit of 151243412?
4
What is the ten millions digit of 29936866?
2
What is the ten thousands digit of 181969894?
6
What is the tens digit of 94344074?
7
What is the hundreds digit of 32353500?
5
What is t